e the remainder when 138 is divided by v.
26
Calculate the remainder when 341 is divided by 23 + (1*(-5 + 4) - 3).
18
Let p = 59 - 33. What is the remainder when p is divided by 10 - (13 + 42/(-6))?
2
What is the remainder when 9 is divided by 18/8*-28*13/(-273)?
0
Suppose -5*x - 12*s + 11*s + 107 = 0, -2*x - 5*s = -29. Calculate the remainder when 32 is divided by x.
10
Suppose -35*g - 1624 = -42*g. What is the remainder when g is divided by 26?
24
Suppose 8*b - 854 - 770 = 0. Suppose -49 = 11*d - b. What is the remainder when 125 is divided by d?
13
Let j(q) = -q**2 + q + 247. Let l be j(0). Suppose -3*b + l - 55 = 0. Let h(i) = 34*i**2 - 1. Calculate the remainder when b is divided by h(-1).
31
Let u(f) = -9*f + 9. Let i be (-188)/108*3 - (-4)/18. What is the remainder when u(i) is divided by 7?
5
Suppose -2*a - 3 = j, 2*j + 3 + 1 = -2*a. What is the remainder when (18/4)/((-2)/(-4)) is divided by (-3)/(-1) + 1/(j - -2)?
1
Let l(w) = -w**2 - 2*w + 1. Let s be l(5). Let m = -9 - s. Suppose -3*h = -b + 35 + 10, -2*b + 4*h = -92. Calculate the remainder when b is divided by m.
23
Let m = -66 + 66. Suppose m = -5*x + 7*x - 16. What is the remainder when 16 is divided by x?
0
Suppose -i - 3*i + 5 = h, 5*i - 22 = 4*h. Suppose -1 = 3*c + i. What is the remainder when c/(-4) + (-335)/(-20) is divided by 9?
8
Suppose 3*p = j + 26, p = j + 4*j + 32. Suppose p*u - 14 = 91. Calculate the remainder when 28 is divided by u.
13
Let l(d) = 4*d + 5. Let z(k) be the second derivative of 3*k**5/20 - k**4/6 + 2*k**3/3 - 7*k**2/2 - 5*k - 3. What is the remainder when l(6) is divided by z(2)?
12
Suppose 5*p - p - s + 35 = 0, -4*s = -3*p - 10. Let a(o) = -o**3 - 11*o**2 - 13*o. Calculate the remainder when 117 is divided by a(p).
27
Let t(s) be the first derivative of s**3 + 3*s**2 - 21*s - 13. Calculate the remainder when t(5) is divided by 17.
16
What is the remainder when 2*5/1*986/116 is divided by 22?
19
Let u = 32 + -14. Let f = 6 + -16. What is the remainder when u is divided by (-34)/(-5) + (-2)/f?
4
Let t(x) = x**2 + 9*x + 12. Let l be t(-13). Calculate the remainder when 81 is divided by (-336)/l*32/(-6).
25
Suppose -r - 4 = 3*y - 6*y, -3*y + 10 = 2*r. What is the remainder when 19 is divided by y?
1
Let h(m) = -32*m + 244. Calculate the remainder when h(-4) is divided by 63.
57
Let t = 41 - 26. Let c be 11/2 + (-6)/(-4). Suppose -c*y = -8*y + 4. What is the remainder when t is divided by y?
3
Let c = 103 + -76. Calculate the remainder when (-16)/(-3)*c/18*7 is divided by 23.
10
Let y = 16 + -26. Let s(b) = -b**2 - 3*b + 6. Let a be s(-6). Let m = y - a. What is the remainder when m is divided by 1?
0
Let z(r) = -11 - 3*r + 10 + 3 + 4*r**2. Let s be z(1). Suppose s*x + 18 = 2*a, -2*x - 12 = x. Calculate the remainder when 8 is divided by a.
2
Let r = 39 - 28. What is the remainder when 119 is divided by r?
9
Let j(r) = r**3 - 35*r**2 - 43*r + 285. What is the remainder when 78 is divided by j(36)?
12
Let m = -56 - -31. What is the remainder when 105/2*(-20)/m is divided by (3 - 2)*3 - -12?
12
Suppose 5*k = -3*k + 1152. What is the remainder when k is divided by 78?
66
Let b(c) = 18*c - 8. Suppose -5 = -3*g + 2*w, g + 3*g - 4*w = 0. Suppose o = -3*l + 74, g*l = -2 - 3. What is the remainder when o is divided by b(1)?
7
Suppose 3*b - 60 = 3*z, -4*b = -3*b - 4*z - 17. Let j(m) = -13*m + 107. Calculate the remainder when j(2) is divided by b.
18
Let x = -35 + 37. Suppose -m + x*y = -20, m = -3*y - 0 + 30. Calculate the remainder when 94 is divided by m.
22
Let s(l) = l**3 + 17*l**2 + 12*l + 17. Let r be s(-16). Suppose -4*m = -5*p - r, 0 = m - p - 9 - 12. What is the remainder when 42 is divided by m?
18
Let f = -74 - -38. What is the remainder when 28 is divided by 9/f + 77*(-1)/(-4)?
9
Let z = 372 + -295. What is the remainder when 158 is divided by z?
4
Let c = 1391 + -1321. Calculate the remainder when 202 is divided by c.
62
Let n = 14 + -12. Suppose 8 = x - n*h, -2*x = -3*h + 2*h - 4. Suppose -2*y + 5*z = -x*y - 35, -44 = -5*y - 2*z. Calculate the remainder when 19 is divided by y.
9
Let w(c) = 16*c - 187. Let b(t) = -t**3 - 4*t**2 - 5*t - 3. Calculate the remainder when w(12) is divided by b(-3).
2
Let x = 164 + -113. What is the remainder when x is divided by 19?
13
Let k(i) = -i**2 - 24*i - 35. What is the remainder when 114 is divided by k(-22)?
6
Let t(m) = m**2 - m. Suppose -14*c - 2*c - 80 = 0. Calculate the remainder when t(-4) is divided by ((-22)/(-4) + c)*1*22.
9
Let z = 11904 - 11847. Calculate the remainder when z is divided by 16 + 2/(-2) + 0.
12
Suppose 216 = 4*r - u - 4*u, 5*r + u = 241. Calculate the remainder when r is divided by ((-5)/(-15))/((-1)/(-75)).
24
Let z(c) = 3*c + 17. Let f be z(-5). Let k(m) = -4*m**2 - 7 + 3*m**2 + 7*m**2 - m**3 - m**f + 4*m. Calculate the remainder when 23 is divided by k(5).
10
Suppose 4*p = 2*d + p + 6, p - 16 = -4*d. Let k = -45 - -57. Calculate the remainder when k is divided by d.
0
Let d = 65 + -52. Suppose m - 24 - d = 3*i, 0 = -5*m + 5*i + 205. What is the remainder when m is divided by 17?
9
Let j be 6/10*(-11 + 16). Suppose -3 + 15 = j*u. Suppose 0 = -u*p - 29 + 97. What is the remainder when 49 is divided by p?
15
Suppose 3*p - m = p + 74, 4*p = -m + 154. Calculate the remainder when 137 is divided by p.
23
Let y(c) = 18*c - 111. Suppose 2*k - 48 = -8. Calculate the remainder when y(9) is divided by k.
11
Suppose -r + h = 7, 5*h = 3*r + r + 25. What is the remainder when 41 is divided by (-135)/r - 3/(-6)?
13
Let b be (15/(-30))/((-1)/8). Suppose -b*h + 160 = -0*h. Let g = -50 - -71. What is the remainder when h is divided by g?
19
Suppose 2*x = 2*y + x - 34, 0 = 3*y + 2*x - 65. What is the remainder when y is divided by (4/(-8))/((-2)/24)?
1
Suppose a = 3*z + 21, 6*z = -a + z + 53. Let s(w) = -w - 2. Let o(b) = b - 5. Let v be o(-6). Calculate the remainder when a is divided by s(v).
6
Suppose -5*d = 3*q - 262, 6*d - q - 246 = d. Let p = 98 - d. Suppose -3*u = k - p, -5*k + 52 = -3*k - 5*u. Calculate the remainder when k is divided by 19.
17
Let l = 56 + -45. What is the remainder when l is divided by (-63)/18*(-3 + 1)?
4
Suppose 0 = 4*z - 2*v - 20, -2*v + 9 = 4*z - 3. Suppose z*a - 49 = 35. Calculate the remainder when 39 is divided by a.
18
Suppose -2*j + 3 = -5. Calculate the remainder when -78*j/(-6) + 3 is divided by 15.
10
Let m = -1949 - -1969. Let g = -17 - -71. What is the remainder when g is divided by m?
14
Suppose 195 - 27 = 3*m. Suppose 2*y = -1 + 3, y - m = -5*r. Calculate the remainder when 21 is divided by r.
10
Let m be 30/8 + 6/24. Suppose m*i + 28 = 8, -2*b + 5*i = -57. What is the remainder when b is divided by 10?
6
Suppose 7*u + 48 = 2*z + 2*u, -z = 2*u - 15. Suppose -5*x = 4*a - 22 - 44, 4*a = 16. Calculate the remainder when z is divided by x.
9
Let y(f) = f**2 - 3 + 3*f**2 - 3*f + 2*f**2. Suppose -20*d = -18*d - 212. What is the remainder when d is divided by y(-2)?
25
Suppose -5*v - 3*y + 72 = 0, -5*v + 3*y = y - 52. Calculate the remainder when (-30)/(-90)*(-3)/2*-46 is divided by v.
11
Let t = 141 + -65. Calculate the remainder when t is divided by 13.
11
Suppose -6*d + 11*d + 164 = -4*s, d - 5*s = -56. What is the remainder when 2 + 60/(-27) + (-1772)/d is divided by 2/8*13*4?
10
Suppose 2*a = 3*n - 74 + 100, -3*n = -3*a + 45. Calculate the remainder when 359 is divided by a.
17
What is the remainder when 5 is divided by (10/(-8))/((-520)/416)?
0
Let s(a) = 13*a - 43. What is the remainder when s(11) is divided by 39?
22
Let c(t) = t**2 + 15*t + 7. Let p be c(-10). Let h = p + 65. What is the remainder when 87 is divided by h?
21
Let h = -161 + 538. What is the remainder when h is divided by 76?
73
Let n = 257 + -230. What is the remainder when 53 is divided by n?
26
Let b(f) = 2 - 98*f + 7*f - 84*f. Let q be b(-1). Suppose -3*z + 6 + q = 0. What is the remainder when z is divided by 21?
19
Suppose 4*g - 2 = -5*t + 2*g, 3*t - 2*g + 2 = 0. Suppose -2*d - 42 = -t*b - 4*b, -b = -2*d - 6. Calculate the remainder when 20 is divided by b.
8
Let x(i) = -5*i + 53. Calculate the remainder when 136 is divided by x(6).
21
Let d(h) = -h**2 - h + 24. Suppose -74*p = -73*p - 68. Calculate the remainder when p is divided by d(0).
20
Let t = 38 + -38. Suppose 98 = 3*c - 5*